reatest common divisor of x and g.
12
Suppose -3*f - 39 = -2*b - 457, 5*f - 4*b - 694 = 0. Suppose 5*u = f + 63. Suppose 1 = -4*v + u. Calculate the highest common divisor of v and 20.
10
Let n be 15 + (26/6 + -4)*-3. What is the highest common divisor of 154 and n?
14
Let q = 4 - -3. Calculate the greatest common divisor of q and 7.
7
Suppose 0 = -2*x - 3*x + 25. Suppose 3*f = 5*p + 2, -5*p - 4*f - 18 = -44. Let j be p/(-11) + (-342)/(-66). Calculate the highest common factor of x and j.
5
Suppose 3*u - 165 = -0*u. Let s be (u - 0) + 2 + -3. Calculate the greatest common factor of 6 and s.
6
Let y(n) = -n**2 - 12*n - 4. Let v be y(-5). Let l(q) = v*q + 2 + 1 + q. Let r be l(3). What is the greatest common factor of r and 11?
11
Let a = -8 + 17. Suppose -w - 180 = 2*w. Let h = 141 + w. What is the highest common divisor of h and a?
9
Suppose -3*w - 4*b + 66 = 0, -4*w = -2*w - 5*b - 21. Let v be (-1 - (0 + -2)) + 17. Calculate the greatest common divisor of w and v.
18
Let n = -45 - -115. Suppose 6*k = k + n. What is the greatest common divisor of 14 and k?
14
Let f(h) = h**2 + 5*h + 3. Let q be f(-5). Let n be 19/q + 1/(-3). Let c = -16 - -28. Calculate the highest common divisor of c and n.
6
Suppose -5*g + 13 + 17 = 0. Let a be g/(-2 + 5/2). Let l = 16 - 13. What is the highest common divisor of l and a?
3
Let x(t) = t**2 - 4*t - 4. Suppose -3*b = -2*b. Suppose b*g = 4*g - 28. Let z be x(g). Calculate the greatest common factor of 153 and z.
17
Suppose -3*x = k - 332, -234 + 26 = -2*x - 4*k. Suppose -4*d - 4*h + x = 0, -4*h = 2 + 2. What is the greatest common factor of d and 145?
29
Let p be (12/(-5))/((-1)/40). Let q(g) = 3*g**2 + 20*g + 24. Let h be q(-6). Calculate the greatest common factor of h and p.
12
Let x be ((-32)/3)/(2/(-3)). What is the greatest common divisor of 48 and x?
16
Let p be (-15)/(-4) + 3/12. Suppose 0*u - 400 = -p*u. What is the greatest common divisor of u and 10?
10
Let q(n) = 112*n**2 + 2*n + 3. Let j be q(-2). Suppose -5*r + j = 2*x, -4*x - 107 = -0*r - r. Calculate the greatest common factor of 13 and r.
13
Let g be (-498)/(-24) + (-1)/(-4). Let n be (36/g)/((-5)/(-35)). What is the highest common divisor of n and 8?
4
Suppose b + b - 4*j = 8, -4*b - 4*j = -16. Let q = 8 - 5. Let m = b - q. What is the greatest common factor of m and 3?
1
Suppose 35 = 5*x + 5*s, 0 = x + 5*s + 3 + 6. What is the greatest common divisor of 88 and x?
11
Suppose 3 - 4 = z, 3*j - 4*z = -2. Let f = j - -5. Suppose -s - f*s + 320 = 0. What is the greatest common factor of s and 16?
16
Suppose -144 = -5*h + 3*h. Suppose 166 - 46 = 5*z. Suppose y + y - z = 0. What is the highest common divisor of h and y?
12
Suppose -y + 3*y - 126 = 0. What is the greatest common factor of 9 and y?
9
Let f be (-2740)/(-55) + -1 + (-26)/(-22). What is the greatest common factor of f and 125?
25
Let o = 10 - 6. Let q be (-1 - 1)*o + -1. Let n be (1/2)/(q/(-54)). What is the greatest common divisor of n and 12?
3
Let y be 2/(-3) + 53/3. Suppose 0 = -3*u - u + 748. What is the greatest common factor of u and y?
17
Let p = -66 + 33. Let q = p + 43. Let a be 2/(-3)*(-60 + 0). Calculate the greatest common divisor of q and a.
10
Let k(b) = -b + 7. Let l = -16 - -22. Let x be k(l). Suppose 2*q - 7 = q. Calculate the greatest common divisor of q and x.
1
Suppose -4*x + 7 = -5. Let h = 0 - -1. What is the highest common factor of h and x?
1
Let m(y) = y**3 - 7*y**2 - 2. Let k be m(3). Let r = k + 56. Calculate the highest common divisor of r and 12.
6
Suppose 5*r = -2*m + 52, -88 = -4*m + 2*r - 4*r. Suppose -2*z + 0*k = -4*k - 58, 16 = -4*k. Calculate the highest common factor of z and m.
21
Let p = -33 - -5. Let l be 4/14 + (-188)/p. Calculate the highest common factor of l and 7.
7
Suppose 0 = 4*b + 4*l - 6*l - 20, -5*b - 2*l + 7 = 0. Let k(z) = z**2 + z. Let h be k(b). What is the greatest common factor of h and 12?
12
Let x = 36 - 4. Suppose 4*z = 142 - 38. Let l = z + -18. Calculate the greatest common divisor of x and l.
8
Suppose -k + 2*b + 43 = -3*b, 2*b - 38 = -2*k. Calculate the greatest common divisor of 207 and k.
23
Let m be 19 + -1 + 1/(-1). Suppose a - m = 2*f - 0*f, -4 = 2*f. What is the highest common divisor of 143 and a?
13
Let b(y) = -y**2 + 10*y - 5. Let o be b(7). Let l(t) = -t**2 - 9*t + 14. Let v be l(-10). Calculate the highest common divisor of v and o.
4
Let c = -65 + 68. Calculate the highest common divisor of 12 and c.
3
Let w(f) = -f**2 - 10*f + 18. Let y be w(-10). Calculate the greatest common factor of 9 and y.
9
Suppose 4*h - 9*h = 0. Suppose 0 = 2*c - 4 - h. Calculate the highest common factor of 2 and c.
2
Let i be 5/((-105)/(-1068)) - 4/(-28). Calculate the greatest common divisor of i and 408.
51
Let n(t) = t**3 + 10*t**2 + 2*t + 3. Let b(c) = -c**2 + c. Let w(k) = -4*b(k) - n(k). Let r be w(-5). Calculate the highest common divisor of r and 22.
2
Suppose a + 4*d = 19, 0 = 3*a - 0*a + 5*d - 43. What is the highest common factor of 99 and a?
11
Let f be ((-1)/(-2))/(1/24). Let a = f - 7. Let g(b) = -b**3 + 6*b**2 + b - 6. Let p be g(a). Calculate the highest common divisor of 12 and p.
12
Let g(b) = b**3 - 4*b**2 - 3*b - 9. Let m be g(5). What is the greatest common divisor of 7 and m?
1
Let p(u) = -9*u. Let n be p(-5). Let v = -28 + n. Let x be 1 - (-7)/(21/150). What is the greatest common factor of x and v?
17
Let v = -40 - -46. Calculate the highest common divisor of 3 and v.
3
Suppose 3*y - 835 = -2*y. Let s = -92 + y. What is the highest common factor of 15 and s?
15
Let c(p) = 2*p**2 + p + 2. Let n be c(-4). Suppose n = -3*m + 6*m. Let j = -28 - -58. Calculate the highest common divisor of j and m.
10
Suppose 0 = l + 2*l - 3. Let d(u) = u**2 + u. Let z be d(l). Suppose 14*f = 11*f + 30. What is the greatest common factor of z and f?
2
Let g be 18/3*(-9)/6. Let d be ((-11)/(-3))/(g/(-513)). Let b(x) = 4*x + 3. Let j be b(4). What is the highest common divisor of d and j?
19
Suppose -3*o = -27 - 69. Let c = 7 + 1. Calculate the greatest common factor of o and c.
8
Let j(y) = -y + 36. Let n = -8 - -8. Let q be j(n). What is the greatest common factor of q and 12?
12
Let u(m) = m**3 - 8*m**2 + 11*m - 16. Let c be u(8). Calculate the highest common divisor of c and 18.
18
Let t be 3*(4 - 3) + 13. Suppose -y + 18 = 2*y. Suppose y = -3*b - 4*v, b - 10 = v - 5. Calculate the greatest common factor of t and b.
2
Let l be 8/5*(4 - -1). Let n = 335 - 169. Suppose -n = -3*j + 26. Calculate the highest common factor of j and l.
8
Let n(b) = -b**3 - 9*b**2 - 9*b - 7. Let x be n(-8). Suppose -59 = -5*u - g, 5*g + x = -3*u + 54. Calculate the highest common factor of 99 and u.
11
Let o(j) = -3*j**2 + j. Let t be o(1). Let n be 1/t + (-25)/(-2). Let z = 8 + 0. What is the highest common divisor of n and z?
4
Let c = -3 + 45. Calculate the highest common factor of 462 and c.
42
Let y be 522/15 + (-1)/(-5). Suppose 4*z - 16 = 0, -4*i + z + 167 = y. Calculate the greatest common factor of 51 and i.
17
Let r be (-2)/2 - (1 - -3). Let z be (2 + r)/(6/(-8)). Let s(h) = h**2 + 3*h. Let x be s(-8). What is the highest common divisor of z and x?
4
Let l be (-2)/4 + 14/4. Suppose -l*k + 2*w = -410, -2*w - 10 = -4*w. Calculate the greatest common divisor of 14 and k.
14
Suppose 9 = -5*k + 6*k. Suppose -2*r + 13 + 5 = 0. Calculate the highest common factor of r and k.
9
Let j = -28 - -54. What is the greatest common divisor of j and 39?
13
Suppose 4*z - 68 = -12. Let h = z + 6. Calculate the highest common factor of h and 180.
20
Let c be (-2)/(-6) - 338/(-39). Calculate the greatest common factor of 9 and c.
9
Suppose 0 = -5*a - 3*i + 552, 4*a + 4*i + 47 = 487. Calculate the highest common factor of a and 74.
37
Let c = -55 + 82. Calculate the highest common divisor of 27 and c.
27
Let j(s) be the first derivative of -s**4/4 - 10*s**3/3 - 5*s**2 + 3*s - 2. Let o be j(-9). Calculate the highest common divisor of 6 and o.
6
Let k = -11 + 20. Let h be ((-16)/(-6))/((-4)/(-6)). Suppose h*o - 5 = 3*o + b, b = -4*o. Calculate the highest common divisor of k and o.
1
Let u be (-36)/(-10) + 4/10. Let n = u - 1. Let i be (-11)/((n - 2)*-1). Calculate the greatest common factor of 77 and i.
11
Suppose 0 = -3*n + y + 497, 4*n = -3*y - 138 + 792. What is